{"id":128,"date":"2024-03-01T15:00:17","date_gmt":"2024-03-01T15:00:17","guid":{"rendered":"https:\/\/dev.devbunch.com\/soffanova\/?post_type=product&#038;p=128"},"modified":"2024-03-01T15:25:11","modified_gmt":"2024-03-01T15:25:11","slug":"rossport-stol","status":"publish","type":"product","link":"https:\/\/dev.devbunch.com\/soffanova\/product\/rossport-stol\/","title":{"rendered":"Rossport stol"},"content":{"rendered":"<p>Rossport stol med sammetstyg har fina dekorativa s\u00f6mmar som ger den ett elegant stiluttryck. Benst\u00e4llningen \u00e4r i pulverlackerad metall med sandstruktur och har snurrfunktion i 180 grader med retur. Finns i flera olika tyger d\u00e4r alla har snurrfunktionen p\u00e5 benen. S\u00e4ljs endast i 2-pack.<\/p>\n","protected":false},"excerpt":{"rendered":"<p>Rossport stol med sammetstyg har fina dekorativa s\u00f6mmar som ger den ett elegant stiluttryck. Benst\u00e4llningen \u00e4r i pulverlackerad metall med sandstruktur och har snurrfunktion i 180 grader med retur. Finns i flera olika tyger d\u00e4r alla har snurrfunktionen p\u00e5 benen. S\u00e4ljs endast i 2-pack.<\/p>\n","protected":false},"featured_media":0,"comment_status":"open","ping_status":"open","template":"","meta":[],"pwb-brand":[265],"product_cat":[250],"product_tag":[],"class_list":{"0":"post-128","1":"product","2":"type-product","3":"status-publish","5":"pwb-brand-rowico-2","6":"product_cat-matplats","7":"pa_bredd-346","8":"pa_djup-347","9":"pa_extra-rabatt-no-2","10":"pa_kolla-priset-no-3","11":"pa_material-metall-tyg","12":"pa_monterad-nej","13":"pa_send-browsed-product-autores-0-4","14":"pa_sittbredd-52-2","15":"pa_sittdjup-349","16":"pa_sitthojd-350","17":"pa_super-deal-no-4","18":"pa_varumarke-rowico-3","19":"pa_vikt-344","21":"first","22":"outofstock","23":"shipping-taxable","24":"purchasable","25":"product-type-simple"},"brands":[{"id":265,"name":"Rowico","slug":"rowico-2"}],"_links":{"self":[{"href":"https:\/\/dev.devbunch.com\/soffanova\/wp-json\/wp\/v2\/product\/128","targetHints":{"allow":["GET"]}}],"collection":[{"href":"https:\/\/dev.devbunch.com\/soffanova\/wp-json\/wp\/v2\/product"}],"about":[{"href":"https:\/\/dev.devbunch.com\/soffanova\/wp-json\/wp\/v2\/types\/product"}],"replies":[{"embeddable":true,"href":"https:\/\/dev.devbunch.com\/soffanova\/wp-json\/wp\/v2\/comments?post=128"}],"wp:attachment":[{"href":"https:\/\/dev.devbunch.com\/soffanova\/wp-json\/wp\/v2\/media?parent=128"}],"wp:term":[{"taxonomy":"pwb-brand","embeddable":true,"href":"https:\/\/dev.devbunch.com\/soffanova\/wp-json\/wp\/v2\/pwb-brand?post=128"},{"taxonomy":"product_cat","embeddable":true,"href":"https:\/\/dev.devbunch.com\/soffanova\/wp-json\/wp\/v2\/product_cat?post=128"},{"taxonomy":"product_tag","embeddable":true,"href":"https:\/\/dev.devbunch.com\/soffanova\/wp-json\/wp\/v2\/product_tag?post=128"}],"curies":[{"name":"wp","href":"https:\/\/api.w.org\/{rel}","templated":true}]}}